
8
What is 2 (base 16) in base 2?
10
-2 (base 12) to base 5
-2
Convert -155 (base 8) to base 4.
-1231
Convert 15 (base 11) to base 2.
10000
4 (base 12) to base 14
4
3 (base 5) to base 14
3
-103 (base 4) to base 13
-16
Convert 2 (base 14) to base 15.
2
35 (base 6) to base 14
19
Convert 20 (base 3) to base 12.
6
What is 1bb (base 12) in base 14?
167
What is 12 (base 6) in base 16?
8
What is 2 (base 3) in base 15?
2
1013 (base 7) to base 9
432
Convert 1332 (base 4) to base 13.
99
Convert 20 (base 13) to base 3.
222
What is 0 (base 15) in base 16?
0
What is -5 (base 16) in base 14?
-5
Convert -22 (base 3) to base 14.
-8
1 (base 11) to base 14
1
Convert -7 (base 8) to base 15.
-7
Convert 3 (base 11) to base 9.
3
What is 0 (base 6) in base 4?
0
-1a8 (base 11) to base 4
-3233
Convert -80 (base 11) to base 3.
-10021
1 (base 13) to base 12
1
What is 36 (base 13) in base 5?
140
Convert -101 (base 2) to base 16.
-5
Convert 1132 (base 4) to base 14.
6a
Convert -7 (base 9) to base 14.
-7
Convert -22001 (base 3) to base 4.
-3121
-2 (base 4) to base 5
-2
What is 175 (base 9) in base 7?
302
-111 (base 3) to base 15
-d
What is 2 (base 12) in base 5?
2
What is 1 (base 13) in base 16?
1
2 (base 13) to base 10
2
5 (base 9) to base 10
5
-8 (base 9) to base 4
-20
-4 (base 15) to base 8
-4
-313 (base 7) to base 8
-235
10 (base 5) to base 9
5
-10011 (base 2) to base 16
-13
Convert 2 (base 14) to base 2.
10
What is 165 (base 12) in base 13?
140
60 (base 13) to base 4
1032
What is 1a (base 15) in base 3?
221
What is 6 (base 11) in base 9?
6
Convert -207 (base 8) to base 12.
-b3
34 (base 5) to base 6
31
Convert 6 (base 8) to base 2.
110
Convert c (base 13) to base 3.
110
What is -24 (base 11) in base 12?
-22
What is 401 (base 5) in base 12?
85
What is 5 (base 6) in base 15?
5
1 (base 5) to base 10
1
Convert 153 (base 7) to base 13.
69
Convert 2020 (base 3) to base 15.
40
113 (base 4) to base 16
17
2 (base 9) to base 11
2
-4 (base 10) to base 13
-4
What is -3e (base 16) in base 12?
-52
Convert 22 (base 11) to base 3.
220
-361 (base 8) to base 14
-133
433 (base 6) to base 13
c9
What is -3 (base 14) in base 4?
-3
Convert -3 (base 16) to base 10.
-3
24 (base 5) to base 7
20
Convert 50 (base 8) to base 16.
28
What is -10 (base 13) in base 4?
-31
-2 (base 11) to base 14
-2
Convert -3e (base 16) to base 9.
-68
Convert 11 (base 4) to base 15.
5
Convert -196 (base 12) to base 11.
-215
What is 2 (base 3) in base 7?
2
Convert 3 (base 14) to base 2.
11
Convert -120 (base 4) to base 15.
-19
Convert -231 (base 7) to base 5.
-440
Convert 404 (base 6) to base 16.
94
What is -10 (base 7) in base 11?
-7
-9 (base 11) to base 16
-9
-2 (base 12) to base 16
-2
What is -1c0 (base 13) in base 8?
-505
Convert -100 (base 2) to base 7.
-4
Convert 0 (base 6) to base 12.
0
Convert 10 (base 2) to base 11.
2
What is -21 (base 15) in base 11?
-29
2 (base 9) to base 16
2
What is -2 (base 9) in base 16?
-2
What is 3 (base 16) in base 3?
10
What is 1102 (base 3) in base 10?
38
What is 240 (base 6) in base 12?
80
Convert -8 (base 16) to base 13.
-8
What is -110101 (base 2) in base 14?
-3b
-2 (base 3) to base 15
-2
What is -120 (base 3) in base 7?
-21
Convert -8a (base 11) to base 15.
-68
What is -1 (base 6) in base 13?
-1
Convert -11 (base 9) to base 7.
-13
What is -50 (base 14) in base 16?
-46
Convert 3 (base 14) to base 16.
3
What is -5 (base 14) in base 7?
-5
179 (base 16) to base 9
458
What is 6 (base 12) in base 6?
10
What is 3 (base 8) in base 9?
3
What is 0 (base 13) in base 4?
0
Convert 5 (base 12) to base 4.
11
-4 (base 11) to base 3
-11
Convert 0 (base 16) to base 3.
0
What is 456 (base 7) in base 6?
1033
Convert -2 (base 8) to base 16.
-2
What is 0 (base 14) in base 6?
0
What is 2 (base 16) in base 4?
2
What is -c2 (base 13) in base 16?
-9e
Convert 3 (base 10) to base 5.
3
What is 13 (base 5) in base 7?
11
-2c (base 13) to base 12
-32
Convert -1c (base 16) to base 6.
-44
5 (base 9) to base 15
5
What is -3 (base 5) in base 7?
-3
-4 (base 15) to base 10
-4
Convert 46 (base 13) to base 8.
72
What is -1 (base 6) in base 8?
-1
Convert 10000000 (base 2) to base 9.
152
Convert 42 (base 8) to base 14.
26
What is 1 (base 6) in base 2?
1
Convert 0 (base 9) to base 7.
0
Convert 4 (base 9) to base 15.
4
Convert 112 (base 4) to base 14.
18
1 (base 6) to base 9
1
What is 10111100 (base 2) in base 16?
bc
Convert 4 (base 15) to base 16.
4
-b5 (base 13) to base 3
-12111
-442 (base 6) to base 14
-c2
What is 2 (base 5) in base 7?
2
-1 (base 12) to base 8
-1
Convert 2 (base 3) to base 15.
2
Convert -1 (base 3) to base 6.
-1
What is -211 (base 3) in base 13?
-19
2 (base 12) to base 16
2
What is 11 (base 9) in base 13?
a
What is 21 (base 3) in base 7?
10
What is -39 (base 10) in base 5?
-124
Convert -296 (base 12) to base 2.
-110010010
-341 (base 5) to base 16
-60
Convert 34 (base 8) to base 12.
24
Convert -7 (base 14) to base 6.
-11
Convert -10000 (base 2) to base 5.
-31
Convert -16 (base 7) to base 15.
-d
Convert 4 (base 14) to base 8.
4
What is -1 (base 14) in base 15?
-1
1d (base 16) to base 7
41
Convert 13a (base 13) to base 6.
1002
-12 (base 14) to base 2
-10000
Convert 10 (base 2) to base 14.
2
Convert -1000 (base 6) to base 10.
-216
Convert 0 (base 2) to base 10.
0
15 (base 7) to base 2
1100
What is -3 (base 13) in base 10?
-3
Convert -1 (base 8) to base 4.
-1
40 (base 5) to base 4
110
-4 (base 13) to base 10
-4
What is -100100 (base 2) in base 15?
-26
What is -2211 (base 3) in base 11?
-6a
What is 2 (base 9) in base 13?
2
What is -3 (base 7) in base 11?
-3
-1 (base 14) to base 7
-1
Convert 5 (base 11) to base 16.
5
What is 101 (base 4) in base 3?
122
2 (base 8) to base 6
2
3 (base 16) to base 11
3
-68 (base 10) to base 8
-104
Convert 13 (base 6) to base 5.
14
Convert -15 (base 13) to base 14.
-14
What is -8 (base 13) in base 9?
-8
Convert -1 (base 12) to base 16.
-1
-21 (base 16) to base 12
-29
Convert -321 (base 5) to base 3.
-10012
33 (base 13) to base 11
39
Convert 178 (base 14) to base 13.
1a3
-1145 (base 6) to base 11
-236
What is 103 (base 5) in base 11?
26
-1 (base 14) to base 12
-1
What is -41 (base 5) in base 11?
-1a
-185 (base 9) to base 16
-9e
What is 8 (base 11) in base 13?
8
What is -2 (base 7) in base 8?
-2
Convert -2 (base 3) to base 12.
-2
Convert 3 (base 7) to base 4.
3
Convert -2e (base 15) to base 2.
-101100
What is -110 (base 2) in base 5?
-11
Convert -2 (base 12) to base 6.
-2
Convert -5 (base 7) to base 12.
-5
Convert 77 (base 16) to base 8.
167
-4 (base 8) to base 5
-4
-106 (base 8) to base 2
-1000110
What is 9e (base 16) in base 13?
c2
4 (base 6) to base 4
10
298 (base 11) to base 8
535
What is 134 (base 9) in base 10?
112
What is 204 (base 8) in base 10?
132
What is 202 (base 4) in base 16?
22
What is 17 (base 16) in base 11?
21
123 (base 7) to base 5
231
Convert 135 (base 7) to base 11.
69
What is 33 (base 5) in base 11?
17
Convert 3 (base 6) to base 8.
3
What is 20 (base 4) in base 13?
8
What is 1 (base 12) in base 9?
1
-3 (base 9) to base 11
-3
-6 (base 8) to base 16
-6
-111 (base 2) to base 7
-10
What is 1 (base 14) in base 2?
1
Convert -101010 (base 2) to base 12.
-36
What is -3 (base 7) in base 3?
-10
Convert 102 (base 6) to base 3.
1102
Convert 110 (base 7) to base 9.
62
-2 (base 5) to base 9
-2
3 (base 7) to base 6
3
Convert -4 (base 5) to base 7.
-4
Convert 0 (base 5) to base 3.
0
What is -3 (base 11) in base 10?
-3
Convert -31 (base 4) to base 15.
-d
What is d (base 15) in base 13?
10
What is -25 (base 15) in base 16?
-23
22 (base 14) to base 13
24
Convert 215 (base 9) to base 16.
b0
-3123 (base 4) to base 3
-22010
-331 (base 8) to base 2
-11011001
43 (base 11) to base 4
233
What is -101111011 (base 2) in base 12?
-277
Convert 3 (base 7) to base 10.
3
1001 (base 2) to base 6
13
Convert -2 (base 7) to base 5.
-2
Convert -240 (base 8) to base 15.
-aa
-58 (base 9) to base 7
-104
-4 (base 12) to base 11
-4
What is 0 (base 7) in base 9?
0
What is 211 (base 5) in base 15?
3b
Convert -15 (base 13) to base 5.
-33
Convert -2b (base 13) to base 16.
-25
Convert -22 (base 4) to base 3.
-101
Convert 2 (base 14) to base 10.
2
3 (base 12) to base 10
3
What is -1 (base 12) in base 16?
-1
1c (base 14) to base 15
1b
-3 (base 15) to base 13
-3
What is 10 (base 11) in base 2?
1011
11 (ba